s 10651 a prime number?
True
Is 235751 composite?
False
Is 6239 a prime number?
False
Is 8069 a composite number?
False
Is 17233 a prime number?
False
Is 1184239 a composite number?
True
Is 7647 a prime number?
False
Is 47041 a composite number?
False
Is 54959 a prime number?
True
Is 4213 a prime number?
False
Is 20593 composite?
False
Is 183023 a composite number?
False
Is 51 a prime number?
False
Is 27941 composite?
False
Is 43343 prime?
False
Is 394099 composite?
False
Is 128811 prime?
False
Is 264871 prime?
True
Is 148073 a prime number?
True
Is 1118599 composite?
False
Is 5623 prime?
True
Is 195677 prime?
True
Is 79063 a prime number?
True
Is 7253 a composite number?
False
Is 445847 a composite number?
False
Is 62737 a prime number?
False
Is 66077 prime?
False
Is 1626497 a prime number?
True
Is 79451 a prime number?
True
Is 57219 composite?
True
Is 259 prime?
False
Is 57973 prime?
True
Is 37 prime?
True
Is 401 prime?
True
Is 8482 prime?
False
Is 7393 a composite number?
False
Is 18847 composite?
True
Is 5565169 composite?
False
Is 15482 a prime number?
False
Is 751 composite?
False
Is 70715 composite?
True
Is 542779 a prime number?
False
Is 277483 prime?
True
Is 2681 a prime number?
False
Is 258373 composite?
False
Is 31873 prime?
True
Is 80917 a prime number?
True
Is 16873 prime?
False
Is 103 prime?
True
Is 597119 a prime number?
False
Is 673 a composite number?
False
Is 1081585 prime?
False
Is 384743 prime?
False
Is 1033927 composite?
False
Is 10133 prime?
True
Is 109297 a prime number?
True
Is 624329 a prime number?
True
Is 289301 a composite number?
True
Is 13909 composite?
True
Is 681619 composite?
True
Is 1963981 composite?
False
Is 277945 composite?
True
Is 359477 composite?
False
Is 13521 composite?
True
Is 23017 composite?
False
Is 17637 composite?
True
Is 883213 a composite number?
False
Is 16057 prime?
True
Is 22985 composite?
True
Is 31127 a prime number?
False
Is 9113 prime?
False
Is 69221 composite?
False
Is 5469 prime?
False
Is 371 a prime number?
False
Is 153507 prime?
False
Is 292835 a prime number?
False
Is 25031 composite?
False
Is 41281 composite?
False
Is 7627 composite?
True
Is 2197157 a prime number?
True
Is 23939 a composite number?
True
Is 542111 a prime number?
True
Is 1141 a composite number?
True
Is 234443 prime?
False
Is 1290257 a composite number?
False
Is 948361 composite?
True
Is 315313 a composite number?
False
Is 4253 composite?
False
Is 4045 composite?
True
Is 49853 a composite number?
False
Is 2101 a prime number?
False
Is 79493 a prime number?
True
Is 35797 a prime number?
True
Is 289901 prime?
False
Is 2281 composite?
False
Is 58523 prime?
False
Is 279163 prime?
False
Is 79423 a composite number?
False
Is 7243 a prime number?
True
Is 443983 prime?
True
Is 78977 prime?
True
Is 26043 prime?
False
Is 158789 composite?
True
Is 5207 prime?
False
Is 18749 prime?
True
Is 3743 prime?
False
Is 223207 prime?
True
Is 38501 a composite number?
False
Is 21151 a composite number?
True
Is 35569 composite?
False
Is 31511 a prime number?
True
Is 4721 a composite number?
False
Is 58885 a prime number?
False
Is 459293 a prime number?
True
Is 306749 a composite number?
False
Is 101993 prime?
False
Is 47459 composite?
False
Is 91121 a prime number?
True
Is 1730353 a composite number?
False
Is 576943 composite?
False
Is 60331 prime?
True
Is 24487 composite?
True
Is 13751 composite?
False
Is 11015 prime?
False
Is 99523 a prime number?
True
Is 71387 prime?
True
Is 127423 composite?
False
Is 13849 prime?
False
Is 423979 a prime number?
False
Is 17597 a composite number?
False
Is 20282 a composite number?
True
Is 419942 a prime number?
False
Is 41803 a prime number?
False
Is 20749 a composite number?
False
Is 3983 prime?
False
Is 346855 composite?
True
Is 1621 composite?
False
Is 70537 composite?
False
Is 342101 a prime number?
True
Is 23209 a composite number?
False
Is 17341 prime?
True
Is 9797 a prime number?
False
Is 1007 a prime number?
False
Is 6937 a prime number?
False
Is 13106 a composite number?
True
Is 853 a prime number?
True
Is 3694 prime?
False
Is 207589 a prime number?
True
Is 2705 a prime number?
False
Is 211331 a composite number?
True
Is 36523 a prime number?
True
Is 565237 a composite number?
False
Is 28051 a prime number?
True
Is 252349 a prime number?
False
Is 159977 a prime number?
True
Is 37055 composite?
True
Is 17897 a prime number?
False
Is 1511 a composite number?
False
Is 166 a composite number?
True
Is 2721 composite?
True
Is 2399 composite?
False
Is 1346149 a composite number?
True
Is 9953 composite?
True
Is 948749 a composite number?
False
Is 1486 composite?
True
Is 23159 prime?
True
Is 6911 a prime number?
True
Is 3349 a composite number?
True
Is 4907 a prime number?
False
Is 50109 a prime number?
False
Is 34909 a composite number?
True
Is 4783 a composite number?
False
Is 1817 a prime number?
False
Is 4535 a composite number?
True
Is 149503 composite?
False
Is 20017 a prime number?
False
Is 76147 composite?
False
Is 7039 a prime number?
True
Is 335653 composite?
False
Is 203465 a prime number?
False
Is 2448551 prime?
False
Is 105013 composite?
True
Is 367529 a prime number?
False
Is 36362 a composite number?
True
Is 193133 a prime number?
True
Is 54907 prime?
True
Is 4411 a composite number?
True
Is 42241 a prime number?
False
Is 1731683 composite?
True
Is 194659 composite?
False
Is 14281 prime?
True
Is 5855 composite?
True
Is 341717 a composite number?
True
Is 214154 a composite number?
True
Is 308639 a composite number?
False
Is 13353 a composite number?
True
Is 6385 prime?
False
Is 198903 a composite number?
True
Is 25105 a prime number?
False
Is 1671 a prime number?
False
Is 3997 a composite number?
True
Is 121651 a prime number?
False
Is 1190887 prime?
False
Is 137695 a prime number?
False
Is 84047 a composite number?
False
Is 300367 a prime number?
True
Is 3659 prime?
True
Is 21701 a prime number?
True
Is 59701 a prime number?
False
Is 1571 a composite number?
False
Is 419447 composite?
True
Is 106091 prime?
False
Is 2629 a composite number?
True
Is 8309 a composite number?
True
Is 353501 a composite number?
False
Is 9091 composite?
False
Is 6667 a composite number?
True
Is 145201 a composite number?
True
Is 1278274 composite?
True
Is 25523 composite?
False
Is 40751 a prime number?
True
Is 447 a prime number?
False
Is 155451 a composite number?
True
Is 29851 composite?
False
Is 284671 a composite number?
True
Is 1219577 composite?
False
Is 14827 a prime number?
True
Is 7751 a composite number?
True
Is 256927 a prime number?
False
Is 21811 a composite number?
True
Is 62939 a prime number?
True
Is 11719 a prime number?
True
Is 14971 a prime number?
False
Is 5221 prime?
False
Is 23143 a prime number?
True
Is 49409 prime?
True
Is 18965 composite?
True
Is 1117301 composite?
False
Is 599 a composite number?
False
Is 35331 a prime number?
False
Is 515351 a prime number?
True
Is 157705 a composite number?
True
Is 527099 a prime number?
True
Is 2742361 prime?
True
Is 794783 a prime number?
False
Is 120151 prime?
False
Is 42239 a composite number?
False
Is 227551 prime?
False
Is 273107 composite?
False
Is 61331 composite?
False
Is 39499 prime?
True
Is 524219 composite?
False
Is 120319 a prime number?
True
Is 276461 a prime number?
True
Is 1903 a composite number?
True
Is 62763 a prime number?
False
Is 180847 composite?
False
Is 92813 a prime number?
False
Is 816227 prime?
True
Is 5231 composite?
False
Is 44617 composite?
False
Is 169987 a prime number?
True
Is 950281 a composite number?
False
Is 289063 composite?
False
Is 172847 prime?
False
Is 246229 composite?
True
Is 1543 composite?
False
Is 4421 a prime number?
True
Is 6943 composite?
True
Is 891967 prime?
True
Is 10369 composite?
False
Is 447509 a prime number?
True
Is 39551 a composite number?
False
Is 64451 prime?
True
Is 244181 a composite number?
True
Is 421247 a prime number?
False
Is 6113 a prime number?
True
Is 1098593 a composite number?
False
Is 25937 a composite number?
True
Is 208371 a prime number?
False
Is 74618 a prime number?
False
Is 32366 a prime number?
False
Is 112237 a composite number?
False
Is 8999 a prime number?
True
Is 270407 prime?
True
Is 48381 composite?
True
Is 68023 a composite number?
False
Is 21089 a prime n